{"id":9128,"date":"2019-11-18T19:52:32","date_gmt":"2019-11-18T18:52:32","guid":{"rendered":"https:\/\/cmcoach.fr\/?page_id=9128"},"modified":"2024-05-10T07:11:27","modified_gmt":"2024-05-10T05:11:27","slug":"avertissement","status":"publish","type":"page","link":"https:\/\/coconfamilial.com\/index.php\/avertissement\/","title":{"rendered":"Avertissement en mati\u00e8re de sant\u00e9"},"content":{"rendered":"<div class=\"wpb-content-wrapper\"><p>[vc_row css=&#8221;.vc_custom_1527220103777{padding-top: 70px !important;padding-bottom: 70px !important;}&#8221;][vc_column width=&#8221;1\/2&#8243;]<div class=\"thim-widget-heading template-base\"><div class=\"sc_heading   text-center\"><h4 class=\"title\">D\u00c9CHARGE DE RESPONSABILITE EN MATIERE DE SANTE<\/h4><span class=\"line\"><\/span><\/div><\/div>[vc_column_text css=&#8221;&#8221;]Les contenus du site internet coconfamilial.com, les textes, les livres \u00e9lectroniques et les images, et autres outils pr\u00e9sents sur le site web coconfamilial.com sont fournis \u00e0 titre informatif seulement. Le contenu ne saurait en aucune mani\u00e8re se substituer \u00e0 un examen m\u00e9dical, une consultation, un diagnostic ou un traitement m\u00e9dical. N&#8217;interrompez jamais un traitement m\u00e9dical sans l&#8217;autorisation de votre m\u00e9decin. Demandez toujours conseil \u00e0 votre m\u00e9decin ou tout autre professionnel de sant\u00e9 qualifi\u00e9 pour toute question se rapportant \u00e0 l\u2019\u00e9tat de sant\u00e9 ou de nutrition.<\/p>\n<p>N\u2019ignorez jamais les conseils d\u2019un professionnel de sant\u00e9 et ne reportez jamais la d\u00e9cision de consulter un m\u00e9decin en raison d\u2019une information que vous auriez lu sur le site internet cmcoach.fr. En cas d\u2019urgence m\u00e9dicale, contactez imm\u00e9diatement votre m\u00e9decin ou l\u2019h\u00f4pital.[\/vc_column_text][\/vc_column][vc_column width=&#8221;1\/2&#8243;]<div class=\"thim-widget-empty-space template-base\"><div class=\"empty_space\" style=\"height:100px\"><\/div><\/div><div class=\"thim-widget-single-images template-base\"><div class=\"single-image text-right\"><\/div><\/div>[\/vc_column][\/vc_row]<\/p>\n<\/div>","protected":false},"excerpt":{"rendered":"<p>[vc_row css=&#8221;.vc_custom_1527220103777{padding-top: 70px !important;padding-bottom: 70px !important;}&#8221;][vc_column width=&#8221;1\/2&#8243;][vc_column_text css=&#8221;&#8221;]Les contenus du site internet coconfamilial.com, les textes, les livres \u00e9lectroniques et les images, et autres outils pr\u00e9sents sur le site web coconfamilial.com sont fournis \u00e0 titre informatif seulement. Le contenu ne saurait [&hellip;]<\/p>\n","protected":false},"author":1,"featured_media":0,"parent":0,"menu_order":0,"comment_status":"closed","ping_status":"closed","template":"","meta":{"_bbp_topic_count":0,"_bbp_reply_count":0,"_bbp_total_topic_count":0,"_bbp_total_reply_count":0,"_bbp_voice_count":0,"_bbp_anonymous_reply_count":0,"_bbp_topic_count_hidden":0,"_bbp_reply_count_hidden":0,"_bbp_forum_subforum_count":0,"pmpro_default_level":"","_monsterinsights_skip_tracking":false,"_monsterinsights_sitenote_active":false,"_monsterinsights_sitenote_note":"","_monsterinsights_sitenote_category":0,"footnotes":""},"class_list":["post-9128","page","type-page","status-publish","hentry","pmpro-has-access"],"_links":{"self":[{"href":"https:\/\/coconfamilial.com\/index.php\/wp-json\/wp\/v2\/pages\/9128","targetHints":{"allow":["GET"]}}],"collection":[{"href":"https:\/\/coconfamilial.com\/index.php\/wp-json\/wp\/v2\/pages"}],"about":[{"href":"https:\/\/coconfamilial.com\/index.php\/wp-json\/wp\/v2\/types\/page"}],"author":[{"embeddable":true,"href":"https:\/\/coconfamilial.com\/index.php\/wp-json\/wp\/v2\/users\/1"}],"replies":[{"embeddable":true,"href":"https:\/\/coconfamilial.com\/index.php\/wp-json\/wp\/v2\/comments?post=9128"}],"version-history":[{"count":5,"href":"https:\/\/coconfamilial.com\/index.php\/wp-json\/wp\/v2\/pages\/9128\/revisions"}],"predecessor-version":[{"id":18357,"href":"https:\/\/coconfamilial.com\/index.php\/wp-json\/wp\/v2\/pages\/9128\/revisions\/18357"}],"wp:attachment":[{"href":"https:\/\/coconfamilial.com\/index.php\/wp-json\/wp\/v2\/media?parent=9128"}],"curies":[{"name":"wp","href":"https:\/\/api.w.org\/{rel}","templated":true}]}}